{"id":16,"date":"2019-02-12T18:16:02","date_gmt":"2019-02-12T17:16:02","guid":{"rendered":"http:\/\/philippemigne.com\/atelier-galerie\/?page_id=16"},"modified":"2026-08-20T18:33:28","modified_gmt":"2026-08-20T16:33:28","slug":"expositions","status":"publish","type":"page","link":"http:\/\/philippemigne.com\/atelier-galerie\/expositions\/","title":{"rendered":"Expositions"},"content":{"rendered":"<p><img decoding=\"async\" class=\"size-full wp-image-41 alignnone\" src=\"http:\/\/philippemigne.com\/atelier-galerie\/wp-content\/uploads\/2019\/02\/Philippe-Migne-5.jpg\" alt=\"\u00a9 Philippe Mign\u00e9 - galerie 1\" width=\"980\" srcset=\"http:\/\/philippemigne.com\/atelier-galerie\/wp-content\/uploads\/2019\/02\/Philippe-Migne-5.jpg 900w, http:\/\/philippemigne.com\/atelier-galerie\/wp-content\/uploads\/2019\/02\/Philippe-Migne-5-300x85.jpg 300w, http:\/\/philippemigne.com\/atelier-galerie\/wp-content\/uploads\/2019\/02\/Philippe-Migne-5-768x218.jpg 768w\" sizes=\"(max-width: 900px) 100vw, 900px\" \/><\/p>\n<p><span style=\"color: #a82622; text-decoration: underline;\">EXPOSITIONS PARTICULI\u00c8RES<\/span><br \/>\n. Atelier d\u2019Art de Conflans Ste Honorine 1991-1994<br \/>\n. Atelier Taille Douce \u00e0 Issy-les-Moulineaux 1992<br \/>\n. Galerie Christiane Flament \u00e0 Paris 1993<br \/>\n. Galerie Telfort \u00e0 Paris 1995, 2006, 2009<br \/>\n. Galerie de Bretagne \u00e0 Quimper 1997<br \/>\n. Manoir de K\u00e9razan \u00e0 Loctudy 1998, 1999<br \/>\n. Atelier des Estampes \u00e0 B\u00e9nodet 2000-2002<br \/>\n. Fondation Taylord \u00e0 Paris 2005<br \/>\n.Le tour des Arts juillet 2013 Kervignac<br \/>\n.Cercle Saint Leonard de Noblat 2014<br \/>\n. Mus\u00e9e du bord de mer \u00e0 B\u00e9nodet Mars avril 2015<br \/>\n. L&rsquo;art au gr\u00e9 des chapelles, Chapelle de Merquel \u00e0 Mesquer septembre 2015<br \/>\n<strong>. <\/strong>Galerie des Images Pont Croix mai 2019<br \/>\n.La Dame blanche ,Port Louis 2022<br \/>\n.Maison de la pointe Ile Tudy 2020, 2022, 2023, 2025, 2026<br \/>\n.Galerie des Arts du Vexin \u00e0 Vigny 2010, 2013, 2018, 2021, 2025<\/p>\n<p><span style=\"color: #a82622; text-decoration: underline;\">EXPOSITIONS COLLECTIVES<\/span><br \/>\nBiennale 15&#215;10 Conflans Ste Honorine, ARGOS Plessis Bouchard, Salon international de la gravure de Nantes, Salon de Bayeux, Salon des Artistes Fran\u00e7ais Paris, Triennale d\u2019estampe de Chamali\u00e8res, Salon Pointe et Burin Paris, Salon Gravure Passion St Maur, Salon de la gravure de Kerazan Loctudy, Salon de la soci\u00e9t\u00e9 National des beaux Arts Paris, Euro estampe Lorient, Salon international de la gravure Morhange, Salon de la Marine Paris, Triennale de la gravure de l\u2019Isle sur Tarn, Impression mer \u00efle Wrach, Univers de graveurs Penmarch, La voie encr\u00e9e Landivisiau, La ronde des Artistes St Caradec, Exposition Art Baden, Salon de Berric, Salon de la SLBA , Biennale de gravures de l\u2019Aiguillon, Salon de Surzur, Salon de Meissein, Biennale de St Brieuc, Nature de graveurs Mus\u00e9e Breton Quimper, Salon Oc\u00e9anissime, Salon Anima Libris Montreuil Bellay, Salon Multiple Morlaix, Mus\u00e9e de la Batelerie Conflans Ste Honorine, F\u00eate de l\u2019estampe Chateau de Grouchy Osny, Maison rigolote Laval, Cadratin de Jouy le Moulthier, Hommage \u00e0 Philippe le Stum Fouesnant, Salon Breazh\u2019art Lannion. 30 Nature de graveurs Riantec, Art Imagine Ploemeur, Salon de l&rsquo;estampe Auveroise.<\/p>\n<p>Membre de L\u2019Acad\u00e9mie des Arts et Sciences de la mer<br \/>\nPrix Br\u00e9aut\u00e9 de l\u2019institut de France 1993<br \/>\nD\u00e9pot de gravures \u00e0 la Biblioth\u00e8que Nationale<\/p>\n","protected":false},"excerpt":{"rendered":"<p>EXPOSITIONS PARTICULI\u00c8RES . Atelier d\u2019Art de Conflans Ste Honorine 1991-1994 . Atelier Taille Douce \u00e0 Issy-les-Moulineaux 1992 . Galerie Christiane Flament \u00e0 Paris 1993 . Galerie Telfort \u00e0 Paris 1995, 2006, 2009 . Galerie de Bretagne \u00e0 Quimper 1997 . Manoir de K\u00e9razan \u00e0 Loctudy 1998, 1999 . Atelier des Estampes \u00e0 B\u00e9nodet 2000-2002 . [&hellip;]<\/p>\n","protected":false},"author":1,"featured_media":0,"parent":0,"menu_order":0,"comment_status":"closed","ping_status":"closed","template":"","meta":[],"_links":{"self":[{"href":"http:\/\/philippemigne.com\/atelier-galerie\/wp-json\/wp\/v2\/pages\/16"}],"collection":[{"href":"http:\/\/philippemigne.com\/atelier-galerie\/wp-json\/wp\/v2\/pages"}],"about":[{"href":"http:\/\/philippemigne.com\/atelier-galerie\/wp-json\/wp\/v2\/types\/page"}],"author":[{"embeddable":true,"href":"http:\/\/philippemigne.com\/atelier-galerie\/wp-json\/wp\/v2\/users\/1"}],"replies":[{"embeddable":true,"href":"http:\/\/philippemigne.com\/atelier-galerie\/wp-json\/wp\/v2\/comments?post=16"}],"version-history":[{"count":22,"href":"http:\/\/philippemigne.com\/atelier-galerie\/wp-json\/wp\/v2\/pages\/16\/revisions"}],"predecessor-version":[{"id":1106,"href":"http:\/\/philippemigne.com\/atelier-galerie\/wp-json\/wp\/v2\/pages\/16\/revisions\/1106"}],"wp:attachment":[{"href":"http:\/\/philippemigne.com\/atelier-galerie\/wp-json\/wp\/v2\/media?parent=16"}],"curies":[{"name":"wp","href":"https:\/\/api.w.org\/{rel}","templated":true}]}}

<p><img decoding="async" class="size-full wp-image-41 alignnone" src="http://philippemigne.com/atelier-galerie/wp-content/uploads/2019/02/Philippe-Migne-5.jpg" alt="© Philippe Migné - galerie 1" width="980" srcset="http://philippemigne.com/atelier-galerie/wp-content/uploads/2019/02/Philippe-Migne-5.jpg 900w, http://philippemigne.com/atelier-galerie/wp-content/uploads/2019/02/Philippe-Migne-5-300x85.jpg 300w, http://philippemigne.com/atelier-galerie/wp-content/uploads/2019/02/Philippe-Migne-5-768x218.jpg 768w" sizes="(max-width: 900px) 100vw, 900px" /></p>
<p><span style="color: #a82622; text-decoration: underline;">EXPOSITIONS PARTICULIÈRES</span><br />
. Atelier d’Art de Conflans Ste Honorine 1991-1994<br />
. Atelier Taille Douce à Issy-les-Moulineaux 1992<br />
. Galerie Christiane Flament à Paris 1993<br />
. Galerie Telfort à Paris 1995, 2006, 2009<br />
. Galerie de Bretagne à Quimper 1997<br />
. Manoir de Kérazan à Loctudy 1998, 1999<br />
. Atelier des Estampes à Bénodet 2000-2002<br />
. Fondation Taylord à Paris 2005<br />
.Le tour des Arts juillet 2013 Kervignac<br />
.Cercle Saint Leonard de Noblat 2014<br />
. Musée du bord de mer à Bénodet Mars avril 2015<br />
. L&rsquo;art au gré des chapelles, Chapelle de Merquel à Mesquer septembre 2015<br />
<strong>. </strong>Galerie des Images Pont Croix mai 2019<br />
.La Dame blanche ,Port Louis 2022<br />
.Maison de la pointe Ile Tudy 2020, 2022, 2023, 2025, 2026<br />
.Galerie des Arts du Vexin à Vigny 2010, 2013, 2018, 2021, 2025</p>
<p><span style="color: #a82622; text-decoration: underline;">EXPOSITIONS COLLECTIVES</span><br />
Biennale 15&#215;10 Conflans Ste Honorine, ARGOS Plessis Bouchard, Salon international de la gravure de Nantes, Salon de Bayeux, Salon des Artistes Français Paris, Triennale d’estampe de Chamalières, Salon Pointe et Burin Paris, Salon Gravure Passion St Maur, Salon de la gravure de Kerazan Loctudy, Salon de la société National des beaux Arts Paris, Euro estampe Lorient, Salon international de la gravure Morhange, Salon de la Marine Paris, Triennale de la gravure de l’Isle sur Tarn, Impression mer ïle Wrach, Univers de graveurs Penmarch, La voie encrée Landivisiau, La ronde des Artistes St Caradec, Exposition Art Baden, Salon de Berric, Salon de la SLBA , Biennale de gravures de l’Aiguillon, Salon de Surzur, Salon de Meissein, Biennale de St Brieuc, Nature de graveurs Musée Breton Quimper, Salon Océanissime, Salon Anima Libris Montreuil Bellay, Salon Multiple Morlaix, Musée de la Batelerie Conflans Ste Honorine, Fête de l’estampe Chateau de Grouchy Osny, Maison rigolote Laval, Cadratin de Jouy le Moulthier, Hommage à Philippe le Stum Fouesnant, Salon Breazh’art Lannion. 30 Nature de graveurs Riantec, Art Imagine Ploemeur, Salon de l&rsquo;estampe Auveroise.</p>
<p>Membre de L’Académie des Arts et Sciences de la mer<br />
Prix Bréauté de l’institut de France 1993<br />
Dépot de gravures à la Bibliothèque Nationale</p>

<p>EXPOSITIONS PARTICULIÈRES . Atelier d’Art de Conflans Ste Honorine 1991-1994 . Atelier Taille Douce à Issy-les-Moulineaux 1992 . Galerie Christiane Flament à Paris 1993 . Galerie Telfort à Paris 1995, 2006, 2009 . Galerie de Bretagne à Quimper 1997 . Manoir de Kérazan à Loctudy 1998, 1999 . Atelier des Estampes à Bénodet 2000-2002 . [&hellip;]</p>
