{"id":154,"date":"2019-02-13T15:36:56","date_gmt":"2019-02-13T14:36:56","guid":{"rendered":"http:\/\/philippemigne.com\/atelier-galerie\/?page_id=154"},"modified":"2020-01-16T14:34:40","modified_gmt":"2020-01-16T13:34:40","slug":"atelier-galerie","status":"publish","type":"page","link":"https:\/\/philippemigne.com\/atelier-galerie\/atelier-galerie\/","title":{"rendered":"Atelier-Galerie"},"content":{"rendered":"\n<figure class=\"wp-block-embed-youtube wp-block-embed is-type-video is-provider-youtube wp-embed-aspect-16-9 wp-has-aspect-ratio\"><div class=\"wp-block-embed__wrapper\">\n<iframe loading=\"lazy\" width=\"500\" height=\"281\" src=\"https:\/\/www.youtube.com\/embed\/jhlvAv9rcp8?feature=oembed\" frameborder=\"0\" allow=\"accelerometer; autoplay; encrypted-media; gyroscope; picture-in-picture\" allowfullscreen><\/iframe>\n<\/div><figcaption>Film de Servane Lenotte<\/figcaption><\/figure>\n\n\n<p><a href=\"http:\/\/philippemigne.com\/atelier-galerie\/wp-content\/uploads\/2019\/02\/Philippe-Migne-galerie3.jpg\"><img decoding=\"async\" loading=\"lazy\" class=\"alignnone size-full wp-image-152\" src=\"http:\/\/philippemigne.com\/atelier-galerie\/wp-content\/uploads\/2019\/02\/Philippe-Migne-galerie3.jpg\" alt=\"\u00a9 Philippe Mign\u00e9 \u2013 galerie 3\" width=\"980\" height=\"409\" srcset=\"https:\/\/philippemigne.com\/atelier-galerie\/wp-content\/uploads\/2019\/02\/Philippe-Migne-galerie3.jpg 980w, https:\/\/philippemigne.com\/atelier-galerie\/wp-content\/uploads\/2019\/02\/Philippe-Migne-galerie3-300x125.jpg 300w, https:\/\/philippemigne.com\/atelier-galerie\/wp-content\/uploads\/2019\/02\/Philippe-Migne-galerie3-768x321.jpg 768w\" sizes=\"(max-width: 980px) 100vw, 980px\" \/><\/a>\n<\/p><p align=\"JUSTIFY\">Atelier-galerie de Philippe MIGNE<br>\nPassage des Arcades, 22 place Gambetta<br>\nPONT-L\u2019ABBE (29)<\/p>\n<p align=\"JUSTIFY\">Ouvert du mardi au samedi, de 14h30 \u00e0 18h30 ou sur rendez-vous<br>\nau 06 16 41 90 15.<\/p>\n<p align=\"LEFT\">R\u00e9servation possible par t\u00e9l\u00e9phone ou par courriel<\/p>\n<p>Refuge des tranquillit\u00e9s solitaires, abri de l\u2019effet mer, l\u2019atelier-galerie Philippe Mign\u00e9 ouvre ses portes aux promeneurs et promeneuses pour de douces escales. Tout au long de l&rsquo;ann\u00e9e, on y ramasse des coquillages, on s&rsquo;y installe en insulaire, on se balade en \u00eele mobile, et on attrape aux vents quelques pages \u00e0 l\u2019\u00e9parse, lettres perdues, po\u00e8mes \u00e0 lire \u00e0 l&rsquo;ombre et \u00e0 l&rsquo;abri du phare. Chalutiers, voiliers et vestiges sont en chantier, s&rsquo;appr\u00eatent \u00e0 larguer les amarres pour un p\u00e9riple de mirages.\n<\/p><p align=\"JUSTIFY\">Situ\u00e9 passage des arcades \u00e0 Pont l\u2019Abb\u00e9 l\u2019atelier-galerie jouit d\u2019un d\u00e9licieux voisinage, celui d\u2019artistes, d\u2019artisants, et de commerces vivants qui ont investi cette all\u00e9e joliment discr\u00e8te, havre de calme et d\u2019onirisme qui relie effervescence des deux places de march\u00e9.<\/p>\n<p align=\"JUSTIFY\">On passe la porte de ce lieu de travail, d\u2019exposition et de rencontre comme on ouvre un carnet de voyage. Entre les rabats des cartons \u00e0 dessins, il y a les phares, les abbayes, la c\u00f4te sauvage, les jardins, les ports et les chantiers navals que l\u2019on a parcouru au fil d\u2019un s\u00e9jour en Finist\u00e8re comme des paysages plus lointains charg\u00e9s de r\u00eave et d\u2019imaginaire. Des vitrines aux allures de verri\u00e8res prennent des couleurs de serres tropicales, exposent outils anciens, livres d\u2019artistes et pi\u00e8ces minutieuses et pr\u00e9cises. Au fil de l\u2019accrochage,&nbsp;se coutoient estampes en noir et blanc travers\u00e9es d\u2019un rayon de sanguine, \u00e9preuves en miroir de cuivres grav\u00e9s, croquis aquarell\u00e9s, ocres et \u00e9clats chaleureux des huiles sur toiles.<\/p>\n<p align=\"JUSTIFY\">Ce pr\u00e9cieux monde de patience, vous invite \u00e0 d\u00e9ambuler entre ciel, terre et mer, pour un voyage maritime et cosmique \u00e0 la douceur des vents solaires.<\/p>\n<p><span style=\"text-decoration: underline;\"><a href=\"https:\/\/www.google.com\/maps\/place\/Atelier-Galerie+Philippe+MIGNE\/@47.864664,-4.222663,15z\/data=!4m5!3m4!1s0x0:0x22ea8d8bfb20ec4a!8m2!3d47.864664!4d-4.222663\">Situer la galerie sur GoogleMap<\/a><\/span><\/p>\n<p><a href=\"http:\/\/philippemigne.com\/atelier-galerie\/wp-content\/uploads\/2019\/02\/Philippe-Migne-galerie2.jpg\"><img decoding=\"async\" loading=\"lazy\" class=\"alignnone size-full wp-image-151\" src=\"http:\/\/philippemigne.com\/atelier-galerie\/wp-content\/uploads\/2019\/02\/Philippe-Migne-galerie2.jpg\" alt=\"\u00a9 Philippe Mign\u00e9 \u2013 galerie 2\" width=\"980\" height=\"514\" srcset=\"https:\/\/philippemigne.com\/atelier-galerie\/wp-content\/uploads\/2019\/02\/Philippe-Migne-galerie2.jpg 980w, https:\/\/philippemigne.com\/atelier-galerie\/wp-content\/uploads\/2019\/02\/Philippe-Migne-galerie2-300x157.jpg 300w, https:\/\/philippemigne.com\/atelier-galerie\/wp-content\/uploads\/2019\/02\/Philippe-Migne-galerie2-768x403.jpg 768w\" sizes=\"(max-width: 980px) 100vw, 980px\" \/><\/a><\/p>","protected":false},"excerpt":{"rendered":"<p>Atelier-galerie de Philippe MIGNE Passage des Arcades, 22 place Gambetta PONT-L\u2019ABBE (29) Ouvert du mardi au samedi, de 14h30 \u00e0 18h30 ou sur rendez-vous au 06 16 41 90 15. R\u00e9servation possible par t\u00e9l\u00e9phone ou par courriel Refuge des tranquillit\u00e9s solitaires, abri de l\u2019effet mer, l\u2019atelier-galerie Philippe Mign\u00e9 ouvre ses portes aux promeneurs et promeneuses [&hellip;]<\/p>\n","protected":false},"author":1,"featured_media":674,"parent":0,"menu_order":0,"comment_status":"closed","ping_status":"closed","template":"","meta":[],"_links":{"self":[{"href":"https:\/\/philippemigne.com\/atelier-galerie\/wp-json\/wp\/v2\/pages\/154"}],"collection":[{"href":"https:\/\/philippemigne.com\/atelier-galerie\/wp-json\/wp\/v2\/pages"}],"about":[{"href":"https:\/\/philippemigne.com\/atelier-galerie\/wp-json\/wp\/v2\/types\/page"}],"author":[{"embeddable":true,"href":"https:\/\/philippemigne.com\/atelier-galerie\/wp-json\/wp\/v2\/users\/1"}],"replies":[{"embeddable":true,"href":"https:\/\/philippemigne.com\/atelier-galerie\/wp-json\/wp\/v2\/comments?post=154"}],"version-history":[{"count":8,"href":"https:\/\/philippemigne.com\/atelier-galerie\/wp-json\/wp\/v2\/pages\/154\/revisions"}],"predecessor-version":[{"id":719,"href":"https:\/\/philippemigne.com\/atelier-galerie\/wp-json\/wp\/v2\/pages\/154\/revisions\/719"}],"wp:featuredmedia":[{"embeddable":true,"href":"https:\/\/philippemigne.com\/atelier-galerie\/wp-json\/wp\/v2\/media\/674"}],"wp:attachment":[{"href":"https:\/\/philippemigne.com\/atelier-galerie\/wp-json\/wp\/v2\/media?parent=154"}],"curies":[{"name":"wp","href":"https:\/\/api.w.org\/{rel}","templated":true}]}}