{"id":7,"date":"2019-02-12T17:58:52","date_gmt":"2019-02-12T16:58:52","guid":{"rendered":"http:\/\/philippemigne.com\/atelier-galerie\/?page_id=7"},"modified":"2023-08-05T11:32:28","modified_gmt":"2023-08-05T09:32:28","slug":"biographie","status":"publish","type":"page","link":"https:\/\/philippemigne.com\/atelier-galerie\/biographie\/","title":{"rendered":"Pr\u00e9sentation &#038; video"},"content":{"rendered":"\n<p><\/p>\n\n\n\n<figure class=\"wp-block-embed is-type-video is-provider-youtube wp-block-embed-youtube wp-embed-aspect-16-9 wp-has-aspect-ratio\"><div class=\"wp-block-embed__wrapper\">\n<iframe loading=\"lazy\" title=\"PHILIPPE MIGNE Peintre Graveur\" width=\"500\" height=\"281\" src=\"https:\/\/www.youtube.com\/embed\/jhlvAv9rcp8?start=19&#038;feature=oembed\" frameborder=\"0\" allow=\"accelerometer; autoplay; clipboard-write; encrypted-media; gyroscope; picture-in-picture; web-share\" allowfullscreen><\/iframe>\n<\/div><figcaption class=\"wp-element-caption\">Film de Servane Lenotte<\/figcaption><\/figure>\n\n\n<p><img decoding=\"async\" class=\"alignleft size-full wp-image-87\" src=\"http:\/\/philippemigne.com\/atelier-galerie\/wp-content\/uploads\/2019\/02\/Philippe-Migne.jpg\" alt=\"\u00a9 Philippe Mign\u00e9\" width=\"420\" srcset=\"https:\/\/philippemigne.com\/atelier-galerie\/wp-content\/uploads\/2019\/02\/Philippe-Migne.jpg 541w, https:\/\/philippemigne.com\/atelier-galerie\/wp-content\/uploads\/2019\/02\/Philippe-Migne-236x300.jpg 236w\" sizes=\"(max-width: 541px) 100vw, 541px\" \/>\u00ab\u00a0<span style=\"color: #a82622;\">Graver, c&rsquo;est empreindre le monde de son imaginaire.<\/span><\/p>\n<p>Philippe Mign\u00e9 a d\u00e9couvert cet art de s&rsquo;ancrer \u00e0 la r\u00e9alit\u00e9 lors de son entr\u00e9e \u00e0 l&rsquo;atelier d&rsquo;art de Conflans Ste Honorine.<\/p>\n<p>Apr\u00e8s une formation de deux ann\u00e9es dans l&rsquo;atelier de gravure lithographie de l&rsquo;institut de formation aux m\u00e9tiers d&rsquo;arts CREAR, une exp\u00e9rience de pressier en taille-douce \u00e0 l&rsquo;atelier Patrick Degouy d&rsquo;Issy-Les-Moulineaux, et deux ans d&rsquo;enseignements de la gravure \u00e0 l&rsquo;atelier des arts d&rsquo;Ermont, le vent souffle sur ses gravures et un bateau au vol de papier emporte l&rsquo;artiste jusqu&rsquo;en Bretagne.<\/p>\n<p>Il s&rsquo;installe au bord de l&rsquo;oc\u00e9an et exerce son art de part et d&rsquo;autre du pont de Cornouaille, de B\u00e9nodet \u00e0 la rive bigoudenne. Entre eau douce et eau sal\u00e9e, entre r\u00e9alisme et imaginaire, ses gravures s&rsquo;inspirent de la nature, de l&rsquo;art et du patrimoine.<\/p>\n<p>Le souffle marin devient le nouveau vent de l&rsquo;univers de Philippe Mign\u00e9 qui fait fr\u00e9mir les feuillages de ses architectures imaginaires, les feuilles volantes de ses biblioth\u00e8ques perdues, et caresse les cloches pour emporter les oiseaux qui s&rsquo;y nichent, dans un envol vers de nouvelles escapades insulaires et oc\u00e9anes.<\/p>\n<p>Ses gravures sont pr\u00e9sent\u00e9es r\u00e9guli\u00e8rement lors d&rsquo;expositions et dans son atelier de Pont L&rsquo;abb\u00e9 ouvert au public toute l&rsquo;ann\u00e9e.\u00a0\u00bb<\/p>\n<p><em><strong>Malvina<\/strong><\/em><\/p>\n<p>\u00a0<\/p>\n<p style=\"text-align: left;\"><iframe loading=\"lazy\" src=\"https:\/\/www.youtube.com\/embed\/Wwqw2StCJh4\" width=\"420\" height=\"315\" frameborder=\"0\"><\/iframe>\u00a0 \u00a0 \u00a0 \u00a0 \u00a0 \u00a0 \u00a0 \u00a0 \u00a0 \u00a0 \u00a0 \u00a0 \u00a0 \u00a0 \u00a0 \u00a0 \u00a0 \u00a0 \u00a0 \u00a0 \u00a0 \u00a0 \u00a0 \u00a0 \u00a0 \u00a0 \u00a0 \u00a0 \u00a0 \u00a0 \u00a0 \u00a0 \u00a0 \u00a0 \u00a0 \u00a0 \u00a0 \u00a0 \u00a0 \u00a0 \u00a0 \u00a0<\/p>\n<p style=\"text-align: left;\">Film de Johanna Le Floc&rsquo;moen<\/p>\n\n\n<p>  <\/p>\n\n\n\n<h2 class=\"wp-block-heading\"><\/h2>\n\n\n\n<p><\/p>\n\n\n\n<figure class=\"wp-block-embed is-type-video is-provider-youtube wp-block-embed-youtube wp-embed-aspect-16-9 wp-has-aspect-ratio\"><div class=\"wp-block-embed__wrapper\">\n<iframe loading=\"lazy\" title=\"Philippe Mign\u00e9 Graveur en Cornouaille\" width=\"500\" height=\"281\" src=\"https:\/\/www.youtube.com\/embed\/08NLScsgGPk?feature=oembed\" frameborder=\"0\" allow=\"accelerometer; autoplay; clipboard-write; encrypted-media; gyroscope; picture-in-picture; web-share\" allowfullscreen><\/iframe>\n<\/div><figcaption class=\"wp-element-caption\">Film de Quimper Objectif Image<\/figcaption><\/figure>\n\n\n\n<p> <\/p>\n","protected":false},"excerpt":{"rendered":"<p>\u00ab\u00a0Graver, c&rsquo;est empreindre le monde de son imaginaire. Philippe Mign\u00e9 a d\u00e9couvert cet art de s&rsquo;ancrer \u00e0 la r\u00e9alit\u00e9 lors de son entr\u00e9e \u00e0 l&rsquo;atelier d&rsquo;art de Conflans Ste Honorine. Apr\u00e8s une formation de deux ann\u00e9es dans l&rsquo;atelier de gravure lithographie de l&rsquo;institut de formation aux m\u00e9tiers d&rsquo;arts CREAR, une exp\u00e9rience de pressier en taille-douce [&hellip;]<\/p>\n","protected":false},"author":1,"featured_media":0,"parent":0,"menu_order":0,"comment_status":"closed","ping_status":"closed","template":"","meta":[],"_links":{"self":[{"href":"https:\/\/philippemigne.com\/atelier-galerie\/wp-json\/wp\/v2\/pages\/7"}],"collection":[{"href":"https:\/\/philippemigne.com\/atelier-galerie\/wp-json\/wp\/v2\/pages"}],"about":[{"href":"https:\/\/philippemigne.com\/atelier-galerie\/wp-json\/wp\/v2\/types\/page"}],"author":[{"embeddable":true,"href":"https:\/\/philippemigne.com\/atelier-galerie\/wp-json\/wp\/v2\/users\/1"}],"replies":[{"embeddable":true,"href":"https:\/\/philippemigne.com\/atelier-galerie\/wp-json\/wp\/v2\/comments?post=7"}],"version-history":[{"count":28,"href":"https:\/\/philippemigne.com\/atelier-galerie\/wp-json\/wp\/v2\/pages\/7\/revisions"}],"predecessor-version":[{"id":894,"href":"https:\/\/philippemigne.com\/atelier-galerie\/wp-json\/wp\/v2\/pages\/7\/revisions\/894"}],"wp:attachment":[{"href":"https:\/\/philippemigne.com\/atelier-galerie\/wp-json\/wp\/v2\/media?parent=7"}],"curies":[{"name":"wp","href":"https:\/\/api.w.org\/{rel}","templated":true}]}}

Présentation &#038; video

<p></p>



<figure class="wp-block-embed is-type-video is-provider-youtube wp-block-embed-youtube wp-embed-aspect-16-9 wp-has-aspect-ratio"><div class="wp-block-embed__wrapper">
<iframe loading="lazy" title="PHILIPPE MIGNE Peintre Graveur" width="500" height="281" src="https://www.youtube.com/embed/jhlvAv9rcp8?start=19&#038;feature=oembed" frameborder="0" allow="accelerometer; autoplay; clipboard-write; encrypted-media; gyroscope; picture-in-picture; web-share" allowfullscreen></iframe>
</div><figcaption class="wp-element-caption">Film de Servane Lenotte</figcaption></figure>


<p><img decoding="async" class="alignleft size-full wp-image-87" src="http://philippemigne.com/atelier-galerie/wp-content/uploads/2019/02/Philippe-Migne.jpg" alt="© Philippe Migné" width="420" srcset="https://philippemigne.com/atelier-galerie/wp-content/uploads/2019/02/Philippe-Migne.jpg 541w, https://philippemigne.com/atelier-galerie/wp-content/uploads/2019/02/Philippe-Migne-236x300.jpg 236w" sizes="(max-width: 541px) 100vw, 541px" />« <span style="color: #a82622;">Graver, c&rsquo;est empreindre le monde de son imaginaire.</span></p>
<p>Philippe Migné a découvert cet art de s&rsquo;ancrer à la réalité lors de son entrée à l&rsquo;atelier d&rsquo;art de Conflans Ste Honorine.</p>
<p>Après une formation de deux années dans l&rsquo;atelier de gravure lithographie de l&rsquo;institut de formation aux métiers d&rsquo;arts CREAR, une expérience de pressier en taille-douce à l&rsquo;atelier Patrick Degouy d&rsquo;Issy-Les-Moulineaux, et deux ans d&rsquo;enseignements de la gravure à l&rsquo;atelier des arts d&rsquo;Ermont, le vent souffle sur ses gravures et un bateau au vol de papier emporte l&rsquo;artiste jusqu&rsquo;en Bretagne.</p>
<p>Il s&rsquo;installe au bord de l&rsquo;océan et exerce son art de part et d&rsquo;autre du pont de Cornouaille, de Bénodet à la rive bigoudenne. Entre eau douce et eau salée, entre réalisme et imaginaire, ses gravures s&rsquo;inspirent de la nature, de l&rsquo;art et du patrimoine.</p>
<p>Le souffle marin devient le nouveau vent de l&rsquo;univers de Philippe Migné qui fait frémir les feuillages de ses architectures imaginaires, les feuilles volantes de ses bibliothèques perdues, et caresse les cloches pour emporter les oiseaux qui s&rsquo;y nichent, dans un envol vers de nouvelles escapades insulaires et océanes.</p>
<p>Ses gravures sont présentées régulièrement lors d&rsquo;expositions et dans son atelier de Pont L&rsquo;abbé ouvert au public toute l&rsquo;année. »</p>
<p><em><strong>Malvina</strong></em></p>
<p> </p>
<p style="text-align: left;"><iframe loading="lazy" src="https://www.youtube.com/embed/Wwqw2StCJh4" width="420" height="315" frameborder="0"></iframe>                                                                                   </p>
<p style="text-align: left;">Film de Johanna Le Floc&rsquo;moen</p>


<p>  </p>



<h2 class="wp-block-heading"></h2>



<p></p>



<figure class="wp-block-embed is-type-video is-provider-youtube wp-block-embed-youtube wp-embed-aspect-16-9 wp-has-aspect-ratio"><div class="wp-block-embed__wrapper">
<iframe loading="lazy" title="Philippe Migné Graveur en Cornouaille" width="500" height="281" src="https://www.youtube.com/embed/08NLScsgGPk?feature=oembed" frameborder="0" allow="accelerometer; autoplay; clipboard-write; encrypted-media; gyroscope; picture-in-picture; web-share" allowfullscreen></iframe>
</div><figcaption class="wp-element-caption">Film de Quimper Objectif Image</figcaption></figure>



<p> </p>

<p>« Graver, c&rsquo;est empreindre le monde de son imaginaire. Philippe Migné a découvert cet art de s&rsquo;ancrer à la réalité lors de son entrée à l&rsquo;atelier d&rsquo;art de Conflans Ste Honorine. Après une formation de deux années dans l&rsquo;atelier de gravure lithographie de l&rsquo;institut de formation aux métiers d&rsquo;arts CREAR, une expérience de pressier en taille-douce [&hellip;]</p>
